[INFO] cloning repository https://github.com/Eros/Rustixel
[INFO] running `Command { std: "git" "-c" "credential.helper=" "-c" "credential.helper=/workspace/cargo-home/bin/git-credential-null" "clone" "--bare" "https://github.com/Eros/Rustixel" "/workspace/cache/git-repos/https%3A%2F%2Fgithub.com%2FEros%2FRustixel", kill_on_drop: false }`
[INFO] [stderr] Cloning into bare repository '/workspace/cache/git-repos/https%3A%2F%2Fgithub.com%2FEros%2FRustixel'...
[INFO] running `Command { std: "git" "rev-parse" "HEAD", kill_on_drop: false }`
[INFO] [stdout] e02080a6f1ca5fd7d5497ac2b8e755c56bbb5477
[INFO] checking Eros/Rustixel against master#af3c6e733a40e671550e0f0f5aeecaa13772ba56 for pr-74989
[INFO] running `Command { std: "git" "clone" "/workspace/cache/git-repos/https%3A%2F%2Fgithub.com%2FEros%2FRustixel" "/workspace/builds/worker-6/source", kill_on_drop: false }`
[INFO] [stderr] Cloning into '/workspace/builds/worker-6/source'...
[INFO] [stderr] done.
[INFO] validating manifest of git repo https://github.com/Eros/Rustixel on toolchain af3c6e733a40e671550e0f0f5aeecaa13772ba56
[INFO] running `Command { std: "/workspace/cargo-home/bin/cargo" "+af3c6e733a40e671550e0f0f5aeecaa13772ba56" "read-manifest" "--manifest-path" "Cargo.toml", kill_on_drop: false }`
[INFO] started tweaking git repo https://github.com/Eros/Rustixel
[INFO] finished tweaking git repo https://github.com/Eros/Rustixel
[INFO] tweaked toml for git repo https://github.com/Eros/Rustixel written to /workspace/builds/worker-6/source/Cargo.toml
[INFO] crate git repo https://github.com/Eros/Rustixel already has a lockfile, it will not be regenerated
[INFO] running `Command { std: "/workspace/cargo-home/bin/cargo" "+af3c6e733a40e671550e0f0f5aeecaa13772ba56" "fetch" "--locked" "--manifest-path" "Cargo.toml", kill_on_drop: false }`
[INFO] running `Command { std: "docker" "create" "-v" "/var/lib/crater-agent-workspace/builds/worker-6/target:/opt/rustwide/target:rw,Z" "-v" "/var/lib/crater-agent-workspace/builds/worker-6/source:/opt/rustwide/workdir:ro,Z" "-v" "/var/lib/crater-agent-workspace/cargo-home:/opt/rustwide/cargo-home:ro,Z" "-v" "/var/lib/crater-agent-workspace/rustup-home:/opt/rustwide/rustup-home:ro,Z" "-e" "SOURCE_DIR=/opt/rustwide/workdir" "-e" "CARGO_TARGET_DIR=/opt/rustwide/target" "-e" "CARGO_HOME=/opt/rustwide/cargo-home" "-e" "RUSTUP_HOME=/opt/rustwide/rustup-home" "-w" "/opt/rustwide/workdir" "-m" "1610612736" "--user" "0:0" "--network" "none" "rustops/crates-build-env@sha256:d92eaeed33fa75130ca1ee6c8a01d1ffb62bac859dfdfb3450e3e5d1c0146529" "/opt/rustwide/cargo-home/bin/cargo" "+af3c6e733a40e671550e0f0f5aeecaa13772ba56" "metadata" "--no-deps" "--format-version=1", kill_on_drop: false }`
[INFO] [stdout] 7fc10b4f541a265327bbef74e0f4e103ab69841f1c04bc6a60acb1310571a8b0
[INFO] [stderr] WARNING: Your kernel does not support swap limit capabilities or the cgroup is not mounted. Memory limited without swap.
[INFO] running `Command { std: "docker" "start" "-a" "7fc10b4f541a265327bbef74e0f4e103ab69841f1c04bc6a60acb1310571a8b0", kill_on_drop: false }`
[INFO] running `Command { std: "docker" "inspect" "7fc10b4f541a265327bbef74e0f4e103ab69841f1c04bc6a60acb1310571a8b0", kill_on_drop: false }`
[INFO] running `Command { std: "docker" "rm" "-f" "7fc10b4f541a265327bbef74e0f4e103ab69841f1c04bc6a60acb1310571a8b0", kill_on_drop: false }`
[INFO] [stdout] 7fc10b4f541a265327bbef74e0f4e103ab69841f1c04bc6a60acb1310571a8b0
[INFO] running `Command { std: "docker" "create" "-v" "/var/lib/crater-agent-workspace/builds/worker-6/target:/opt/rustwide/target:rw,Z" "-v" "/var/lib/crater-agent-workspace/builds/worker-6/source:/opt/rustwide/workdir:ro,Z" "-v" "/var/lib/crater-agent-workspace/cargo-home:/opt/rustwide/cargo-home:ro,Z" "-v" "/var/lib/crater-agent-workspace/rustup-home:/opt/rustwide/rustup-home:ro,Z" "-e" "SOURCE_DIR=/opt/rustwide/workdir" "-e" "CARGO_TARGET_DIR=/opt/rustwide/target" "-e" "CARGO_INCREMENTAL=0" "-e" "RUST_BACKTRACE=full" "-e" "RUSTFLAGS=--cap-lints=forbid" "-e" "CARGO_HOME=/opt/rustwide/cargo-home" "-e" "RUSTUP_HOME=/opt/rustwide/rustup-home" "-w" "/opt/rustwide/workdir" "-m" "1610612736" "--user" "0:0" "--network" "none" "rustops/crates-build-env@sha256:d92eaeed33fa75130ca1ee6c8a01d1ffb62bac859dfdfb3450e3e5d1c0146529" "/opt/rustwide/cargo-home/bin/cargo" "+af3c6e733a40e671550e0f0f5aeecaa13772ba56" "check" "--frozen" "--all" "--all-targets" "--message-format=json", kill_on_drop: false }`
[INFO] [stdout] 2163c66d015cbcf74641faa9ed94696be41e38d70f2f7cc7a7532f32c20edb5b
[INFO] [stderr] WARNING: Your kernel does not support swap limit capabilities or the cgroup is not mounted. Memory limited without swap.
[INFO] running `Command { std: "docker" "start" "-a" "2163c66d015cbcf74641faa9ed94696be41e38d70f2f7cc7a7532f32c20edb5b", kill_on_drop: false }`
[INFO] [stderr]    Compiling libc v0.2.50
[INFO] [stderr]    Compiling autocfg v0.1.2
[INFO] [stderr]     Checking cfg-if v0.1.7
[INFO] [stderr]     Checking rand_core v0.4.0
[INFO] [stderr]     Checking lazy_static v1.3.0
[INFO] [stderr]    Compiling version_check v0.1.5
[INFO] [stderr]     Checking futures v0.1.25
[INFO] [stderr]    Compiling byteorder v1.3.1
[INFO] [stderr]     Checking smallvec v0.6.9
[INFO] [stderr]     Checking scopeguard v0.3.3
[INFO] [stderr]     Checking fnv v1.0.6
[INFO] [stderr]    Compiling arrayvec v0.4.10
[INFO] [stderr]    Compiling pkg-config v0.3.14
[INFO] [stderr]    Compiling cc v1.0.31
[INFO] [stderr]     Checking stable_deref_trait v1.1.1
[INFO] [stderr]     Checking nodrop v0.1.13
[INFO] [stderr]     Checking memoffset v0.2.1
[INFO] [stderr]     Checking itoa v0.4.3
[INFO] [stderr]    Compiling serde v1.0.89
[INFO] [stderr]     Checking matches v0.1.8
[INFO] [stderr]    Compiling httparse v1.3.3
[INFO] [stderr]    Compiling openssl v0.10.19
[INFO] [stderr]     Checking foreign-types-shared v0.1.1
[INFO] [stderr]     Checking string v0.1.3
[INFO] [stderr]     Checking try-lock v0.2.2
[INFO] [stderr]    Compiling ryu v0.2.7
[INFO] [stderr]     Checking bitflags v1.0.4
[INFO] [stderr]     Checking indexmap v1.0.2
[INFO] [stderr]    Compiling native-tls v0.2.2
[INFO] [stderr]     Checking percent-encoding v1.0.1
[INFO] [stderr]     Checking openssl-probe v0.1.2
[INFO] [stderr]    Compiling encoding_rs v0.8.17
[INFO] [stderr]     Checking dtoa v0.4.3
[INFO] [stderr]     Checking adler32 v1.0.3
[INFO] [stderr]     Checking log v0.4.6
[INFO] [stderr]     Checking crossbeam-utils v0.6.5
[INFO] [stderr]     Checking tokio-trace-core v0.1.0
[INFO] [stderr]     Checking owning_ref v0.4.0
[INFO] [stderr]     Checking unicode-bidi v0.3.4
[INFO] [stderr]     Checking rand_core v0.3.1
[INFO] [stderr]     Checking rand_jitter v0.1.3
[INFO] [stderr]     Checking foreign-types v0.3.2
[INFO] [stderr]     Checking unicode-normalization v0.1.8
[INFO] [stderr]    Compiling rand_pcg v0.1.2
[INFO] [stderr]    Compiling rand_chacha v0.1.1
[INFO] [stderr]    Compiling rand v0.6.5
[INFO] [stderr]    Compiling unicase v1.4.2
[INFO] [stderr]    Compiling unicase v2.3.0
[INFO] [stderr]     Checking rand_isaac v0.1.1
[INFO] [stderr]     Checking rand_xorshift v0.1.1
[INFO] [stderr]     Checking rand_hc v0.1.0
[INFO] [stderr]     Checking lock_api v0.1.5
[INFO] [stderr]     Checking crc32fast v1.2.0
[INFO] [stderr]    Compiling parking_lot_core v0.4.0
[INFO] [stderr]     Checking crossbeam-queue v0.1.2
[INFO] [stderr]     Checking crossbeam-epoch v0.7.1
[INFO] [stderr]     Checking base64 v0.10.1
[INFO] [stderr]     Checking libflate v0.1.21
[INFO] [stderr]    Compiling phf_shared v0.7.24
[INFO] [stderr]    Compiling rand_os v0.1.3
[INFO] [stderr]     Checking phf v0.7.24
[INFO] [stderr]     Checking iovec v0.1.2
[INFO] [stderr]     Checking num_cpus v1.10.0
[INFO] [stderr]     Checking net2 v0.2.33
[INFO] [stderr]     Checking time v0.1.42
[INFO] [stderr]     Checking tokio-executor v0.1.6
[INFO] [stderr]     Checking tokio-sync v0.1.4
[INFO] [stderr]     Checking want v0.0.6
[INFO] [stderr]     Checking mime v0.3.13
[INFO] [stderr]     Checking crossbeam-deque v0.7.1
[INFO] [stderr]     Checking futures-cpupool v0.1.8
[INFO] [stderr]     Checking bytes v0.4.12
[INFO] [stderr]    Compiling openssl-sys v0.9.42
[INFO] [stderr]     Checking tokio-current-thread v0.1.5
[INFO] [stderr]     Checking tokio-timer v0.2.10
[INFO] [stderr]     Checking mio v0.6.16
[INFO] [stderr]     Checking idna v0.1.5
[INFO] [stderr]     Checking tokio-io v0.1.12
[INFO] [stderr]     Checking http v0.1.16
[INFO] [stderr]     Checking url v1.7.2
[INFO] [stderr]     Checking tokio-threadpool v0.1.12
[INFO] [stderr]     Checking uuid v0.7.2
[INFO] [stderr]    Compiling phf_generator v0.7.24
[INFO] [stderr]    Compiling phf_codegen v0.7.24
[INFO] [stderr]     Checking parking_lot v0.7.1
[INFO] [stderr]    Compiling mime_guess v2.0.0-alpha.6
[INFO] [stderr]     Checking tokio-reactor v0.1.9
[INFO] [stderr]     Checking h2 v0.1.17
[INFO] [stderr]     Checking tokio-tcp v0.1.3
[INFO] [stderr]     Checking tokio v0.1.17
[INFO] [stderr]     Checking serde_urlencoded v0.5.4
[INFO] [stderr]     Checking serde_json v1.0.39
[INFO] [stderr]     Checking serde-transcode v1.1.0
[INFO] [stderr]     Checking hyper v0.12.25
[INFO] [stderr]     Checking hyper-tls v0.3.1
[INFO] [stderr]     Checking reqwest v0.9.11
[INFO] [stderr]     Checking Rustixel v0.1.0 (/opt/rustwide/workdir)
[INFO] [stdout] warning: unused import: `std::string::ToString`
[INFO] [stdout]  --> src/main.rs:3:5
[INFO] [stdout]   |
[INFO] [stdout] 3 | use std::string::ToString;
[INFO] [stdout]   |     ^^^^^^^^^^^^^^^^^^^^^
[INFO] [stdout]   |
[INFO] [stdout]   = note: `#[warn(unused_imports)]` on by default
[INFO] [stdout] 
[INFO] [stdout] 
[INFO] [stdout] error[E0601]: `main` function not found in crate `Rustixel`
[INFO] [stdout]   --> src/main.rs:1:1
[INFO] [stdout]    |
[INFO] [stdout] 1  | / extern crate reqwest;
[INFO] [stdout] 2  | | use std::collections::HashMap;
[INFO] [stdout] 3  | | use std::string::ToString;
[INFO] [stdout] 4  | |
[INFO] [stdout] ...  |
[INFO] [stdout] 32 | |
[INFO] [stdout] 33 | | }
[INFO] [stdout]    | |_^ consider adding a `main` function to `src/main.rs`
[INFO] [stdout] 
[INFO] [stdout] 
[INFO] [stdout] error[E0425]: cannot find value `test_data` in this scope
[INFO] [stdout]   --> src/main.rs:30:5
[INFO] [stdout]    |
[INFO] [stdout] 30 |     test_data = send_request("player", "43db704e-10b1-40b3-a38d-ce059de35a59");
[INFO] [stdout]    |     ^^^^^^^^^ not found in this scope
[INFO] [stdout] 
[INFO] [stdout] 
[INFO] [stdout] error[E0425]: cannot find value `test_data` in this scope
[INFO] [stdout]   --> src/main.rs:31:22
[INFO] [stdout]    |
[INFO] [stdout] 31 |     println!("{:#}", test_data);
[INFO] [stdout]    |                      ^^^^^^^^^ not found in this scope
[INFO] [stdout] 
[INFO] [stdout] 
[INFO] [stdout] warning: unused import: `std::string::ToString`
[INFO] [stdout]  --> src/main.rs:3:5
[INFO] [stdout]   |
[INFO] [stdout] 3 | use std::string::ToString;
[INFO] [stdout]   |     ^^^^^^^^^^^^^^^^^^^^^
[INFO] [stdout]   |
[INFO] [stdout]   = note: `#[warn(unused_imports)]` on by default
[INFO] [stdout] 
[INFO] [stdout] 
[INFO] [stdout] warning: trait objects without an explicit `dyn` are deprecated
[INFO] [stdout]   --> src/main.rs:28:33
[INFO] [stdout]    |
[INFO] [stdout] 28 | pub fn test() -> Result<(), Box<std::error::Error>> {
[INFO] [stdout]    |                                 ^^^^^^^^^^^^^^^^^ help: use `dyn`: `dyn std::error::Error`
[INFO] [stdout]    |
[INFO] [stdout]    = note: `#[warn(bare_trait_objects)]` on by default
[INFO] [stdout] 
[INFO] [stdout] 
[INFO] [stdout] error[E0277]: the trait bound `String: IntoUrl` is not satisfied
[INFO] [stdout]    --> src/main.rs:20:58
[INFO] [stdout]     |
[INFO] [stdout] 20  |     let mut resp: HashMap<String, String> = reqwest::get(String::from(request_url));
[INFO] [stdout]     |                                                          ^^^^^^^^^^^^^^^^^^^^^^^^^
[INFO] [stdout]     |                                                          |
[INFO] [stdout]     |                                                          expected an implementor of trait `IntoUrl`
[INFO] [stdout]     |                                                          help: consider borrowing here: `&String::from(request_url)`
[INFO] [stdout]     | 
[INFO] [stdout]    ::: /opt/rustwide/cargo-home/registry/src/github.com-1ecc6299db9ec823/reqwest-0.9.11/src/lib.rs:300:15
[INFO] [stdout]     |
[INFO] [stdout] 300 | pub fn get<T: IntoUrl>(url: T) -> ::Result<Response> {
[INFO] [stdout]     |               ------- required by this bound in `reqwest::get`
[INFO] [stdout]     |
[INFO] [stdout]     = note: required because of the requirements on the impl of `IntoUrl` for `String`
[INFO] [stdout] 
[INFO] [stdout] 
[INFO] [stdout] error[E0277]: the trait bound `String: IntoUrl` is not satisfied
[INFO] [stdout]    --> src/main.rs:20:58
[INFO] [stdout]     |
[INFO] [stdout] 20  |     let mut resp: HashMap<String, String> = reqwest::get(String::from(request_url));
[INFO] [stdout]     |                                                          ^^^^^^^^^^^^^^^^^^^^^^^^^
[INFO] [stdout]     |                                                          |
[INFO] [stdout]     |                                                          expected an implementor of trait `IntoUrl`
[INFO] [stdout]     |                                                          help: consider borrowing here: `&String::from(request_url)`
[INFO] [stdout]     | 
[INFO] [stdout]    ::: /opt/rustwide/cargo-home/registry/src/github.com-1ecc6299db9ec823/reqwest-0.9.11/src/lib.rs:300:15
[INFO] [stdout]     |
[INFO] [stdout] 300 | pub fn get<T: IntoUrl>(url: T) -> ::Result<Response> {
[INFO] [stdout]     |               ------- required by this bound in `reqwest::get`
[INFO] [stdout]     |
[INFO] [stdout]     = note: required because of the requirements on the impl of `IntoUrl` for `String`
[INFO] [stdout] 
[INFO] [stdout] 
[INFO] [stdout] error[E0308]: mismatched types
[INFO] [stdout]   --> src/main.rs:20:45
[INFO] [stdout]    |
[INFO] [stdout] 20 |     let mut resp: HashMap<String, String> = reqwest::get(String::from(request_url));
[INFO] [stdout]    |                   -----------------------   ^^^^^^^^^^^^^^^^^^^^^^^^^^^^^^^^^^^^^^^ expected struct `HashMap`, found enum `std::result::Result`
[INFO] [stdout]    |                   |
[INFO] [stdout]    |                   expected due to this
[INFO] [stdout]    |
[INFO] [stdout]    = note: expected struct `HashMap<String, String>`
[INFO] [stdout]                 found enum `std::result::Result<reqwest::Response, reqwest::Error>`
[INFO] [stdout] 
[INFO] [stdout] 
[INFO] [stdout] error[E0308]: mismatched types
[INFO] [stdout]   --> src/main.rs:28:18
[INFO] [stdout]    |
[INFO] [stdout] 28 | pub fn test() -> Result<(), Box<std::error::Error>> {
[INFO] [stdout]    |        ----      ^^^^^^^^^^^^^^^^^^^^^^^^^^^^^^^^^^ expected enum `std::result::Result`, found `()`
[INFO] [stdout]    |        |
[INFO] [stdout]    |        implicitly returns `()` as its body has no tail or `return` expression
[INFO] [stdout]    |
[INFO] [stdout]    = note:   expected enum `std::result::Result<(), Box<(dyn std::error::Error + 'static)>>`
[INFO] [stdout]            found unit type `()`
[INFO] [stdout] 
[INFO] [stdout] 
[INFO] [stdout] error: aborting due to 5 previous errors; 2 warnings emitted
[INFO] [stdout] 
[INFO] [stdout] 
[INFO] [stdout] Some errors have detailed explanations: E0277, E0308, E0425.
[INFO] [stdout] 
[INFO] [stdout] For more information about an error, try `rustc --explain E0277`.
[INFO] [stdout] 
[INFO] [stderr] error: could not compile `Rustixel`.
[INFO] [stderr] 
[INFO] [stderr] To learn more, run the command again with --verbose.
[INFO] [stderr] warning: build failed, waiting for other jobs to finish...
[INFO] [stdout] error[E0308]: mismatched types
[INFO] [stdout]   --> src/main.rs:20:45
[INFO] [stdout]    |
[INFO] [stdout] 20 |     let mut resp: HashMap<String, String> = reqwest::get(String::from(request_url));
[INFO] [stdout]    |                   -----------------------   ^^^^^^^^^^^^^^^^^^^^^^^^^^^^^^^^^^^^^^^ expected struct `HashMap`, found enum `std::result::Result`
[INFO] [stdout]    |                   |
[INFO] [stdout]    |                   expected due to this
[INFO] [stdout]    |
[INFO] [stdout]    = note: expected struct `HashMap<String, String>`
[INFO] [stdout]                 found enum `std::result::Result<reqwest::Response, reqwest::Error>`
[INFO] [stdout] 
[INFO] [stdout] 
[INFO] [stdout] error: aborting due to 3 previous errors; 1 warning emitted
[INFO] [stdout] 
[INFO] [stdout] 
[INFO] [stdout] Some errors have detailed explanations: E0277, E0308, E0601.
[INFO] [stdout] 
[INFO] [stdout] For more information about an error, try `rustc --explain E0277`.
[INFO] [stdout] 
[INFO] [stderr] error: build failed
[INFO] running `Command { std: "docker" "inspect" "2163c66d015cbcf74641faa9ed94696be41e38d70f2f7cc7a7532f32c20edb5b", kill_on_drop: false }`
[INFO] running `Command { std: "docker" "rm" "-f" "2163c66d015cbcf74641faa9ed94696be41e38d70f2f7cc7a7532f32c20edb5b", kill_on_drop: false }`
[INFO] [stdout] 2163c66d015cbcf74641faa9ed94696be41e38d70f2f7cc7a7532f32c20edb5b
